{"id":532,"date":"2022-03-02T12:01:31","date_gmt":"2022-03-02T18:01:31","guid":{"rendered":"https:\/\/madrid.ufm.edu\/masters\/?page_id=532"},"modified":"2024-01-24T11:00:16","modified_gmt":"2024-01-24T17:00:16","slug":"tulane","status":"publish","type":"page","link":"https:\/\/madrid.ufm.edu\/masters\/master-in-management\/tulane\/","title":{"rendered":"Tulane University"},"content":{"rendered":"\n\n\t\t\t\t<img loading=\"lazy\" decoding=\"async\" src=\"https:\/\/madrid.ufm.edu\/masters\/wp-content\/uploads\/2022\/03\/Tulane.png\" alt=\"Tulane\" itemprop=\"image\" height=\"153\" width=\"455\" title=\"Tulane\" onerror=\"this.style.display='none'\"  \/>\n\t<p>La Escuela de Negocios tiene una alianza estrat\u00e9gica con la A. B. Freeman School of Business, de Tulane University, conocida por su \u00e9nfasis en el esp\u00edritu emprendedor, y por preparar l\u00edderes de negocios con conocimientos globales.<\/p>\n<p>A. B. Freeman School of Business, de Tulane University, fue fundada en 1914. Sus programas est\u00e1n dise\u00f1ados para proporcionar a los alumnos las herramientas que contribuir\u00e1n a convertirlos en profesionales con el m\u00e1s alto sentido empresarial.<\/p>\n<p>Para conocer m\u00e1s sobre Tulane University,\u00a0<a href=\"http:\/\/tulane.edu\/\" target=\"_blank\" rel=\"noopener\">ingresa\u00a0aqu\u00ed<\/a>.<\/p>\n\t\t\t\t<img loading=\"lazy\" decoding=\"async\" src=\"https:\/\/madrid.ufm.edu\/masters\/wp-content\/uploads\/2022\/06\/Tulane-1-1024x464.jpg\" alt=\"Campus Tulane University\" itemprop=\"image\" height=\"464\" width=\"1024\" title=\"Campus Tulane University\" onerror=\"this.style.display='none'\"  \/>\n\t\t<h5>Curso en Tulane University<\/h5>\t\t\n\t\t\t<p>Uno de los cursos es impartido en el campus de Tulane University, en Nueva Orleans, durante un viaje de una semana. El curso se imparte en formato intensivo de una semana, de lunes a viernes, de 8:00 a. m. a 6:00 p. m.<\/p>\n<p>Para m\u00e1s informaci\u00f3n sobre el viaje puedes consultar las <a href=\"https:\/\/madrid.ufm.edu\/masters\/preguntas-viaje-tulane\/\">Preguntas frecuentes del\u00a0viaje acad\u00e9mico de Tulane University<\/a>, o comunicarte con la\u00a0Coordinadora de Alianzas (<a href=\"mailto:adminen@ufm.edu\">adminen@ufm.edu<\/a>).<\/p>\n\n","protected":false},"excerpt":{"rendered":"<p>La Escuela de Negocios tiene una alianza estrat\u00e9gica con la A. B. Freeman School of Business, de Tulane University, conocida por su \u00e9nfasis en el esp\u00edritu emprendedor, y por preparar l\u00edderes de negocios con conocimientos globales. A. B. Freeman School of Business, de Tulane University, fue fundada en 1914. Sus programas est\u00e1n dise\u00f1ados para proporcionar&hellip;<\/p>\n","protected":false},"author":1,"featured_media":0,"parent":458,"menu_order":0,"comment_status":"closed","ping_status":"closed","template":"","meta":{"footnotes":""},"class_list":["post-532","page","type-page","status-publish","hentry"],"yoast_head":"<!-- This site is optimized with the Yoast SEO plugin v19.5.1 - https:\/\/yoast.com\/wordpress\/plugins\/seo\/ -->\n<title>Tulane University - Masters<\/title>\n<meta name=\"robots\" content=\"index, follow, max-snippet:-1, max-image-preview:large, max-video-preview:-1\" \/>\n<link rel=\"canonical\" href=\"https:\/\/madrid.ufm.edu\/masters\/master-in-management\/tulane\/\" \/>\n<meta property=\"og:locale\" content=\"es_ES\" \/>\n<meta property=\"og:type\" content=\"article\" \/>\n<meta property=\"og:title\" content=\"Tulane University - Masters\" \/>\n<meta property=\"og:description\" content=\"La Escuela de Negocios tiene una alianza estrat\u00e9gica con la A. B. Freeman School of Business, de Tulane University, conocida por su \u00e9nfasis en el esp\u00edritu emprendedor, y por preparar l\u00edderes de negocios con conocimientos globales. A. B. Freeman School of Business, de Tulane University, fue fundada en 1914. Sus programas est\u00e1n dise\u00f1ados para proporcionar&hellip;\" \/>\n<meta property=\"og:url\" content=\"https:\/\/madrid.ufm.edu\/masters\/master-in-management\/tulane\/\" \/>\n<meta property=\"og:site_name\" content=\"Masters\" \/>\n<meta property=\"article:modified_time\" content=\"2024-01-24T17:00:16+00:00\" \/>\n<meta property=\"og:image\" content=\"https:\/\/madrid.ufm.edu\/masters\/wp-content\/uploads\/2022\/03\/Tulane.png\" \/>\n<meta name=\"twitter:card\" content=\"summary_large_image\" \/>\n<meta name=\"twitter:label1\" content=\"Tiempo de lectura\" \/>\n\t<meta name=\"twitter:data1\" content=\"1 minuto\" \/>\n<script type=\"application\/ld+json\" class=\"yoast-schema-graph\">{\"@context\":\"https:\/\/schema.org\",\"@graph\":[{\"@type\":\"WebPage\",\"@id\":\"https:\/\/madrid.ufm.edu\/masters\/master-in-management\/tulane\/\",\"url\":\"https:\/\/madrid.ufm.edu\/masters\/master-in-management\/tulane\/\",\"name\":\"Tulane University - Masters\",\"isPartOf\":{\"@id\":\"https:\/\/madrid.ufm.edu\/masters\/#website\"},\"datePublished\":\"2022-03-02T18:01:31+00:00\",\"dateModified\":\"2024-01-24T17:00:16+00:00\",\"breadcrumb\":{\"@id\":\"https:\/\/madrid.ufm.edu\/masters\/master-in-management\/tulane\/#breadcrumb\"},\"inLanguage\":\"es\",\"potentialAction\":[{\"@type\":\"ReadAction\",\"target\":[\"https:\/\/madrid.ufm.edu\/masters\/master-in-management\/tulane\/\"]}]},{\"@type\":\"BreadcrumbList\",\"@id\":\"https:\/\/madrid.ufm.edu\/masters\/master-in-management\/tulane\/#breadcrumb\",\"itemListElement\":[{\"@type\":\"ListItem\",\"position\":1,\"name\":\"Portada\",\"item\":\"https:\/\/madrid.ufm.edu\/masters\/\"},{\"@type\":\"ListItem\",\"position\":2,\"name\":\"Master in Management\",\"item\":\"https:\/\/madrid.ufm.edu\/masters\/master-in-management\/\"},{\"@type\":\"ListItem\",\"position\":3,\"name\":\"Tulane University\"}]},{\"@type\":\"WebSite\",\"@id\":\"https:\/\/madrid.ufm.edu\/masters\/#website\",\"url\":\"https:\/\/madrid.ufm.edu\/masters\/\",\"name\":\"Masters\",\"description\":\"Universidad Francisco Marroqu\u00edn\",\"publisher\":{\"@id\":\"https:\/\/madrid.ufm.edu\/masters\/#organization\"},\"potentialAction\":[{\"@type\":\"SearchAction\",\"target\":{\"@type\":\"EntryPoint\",\"urlTemplate\":\"https:\/\/madrid.ufm.edu\/masters\/?s={search_term_string}\"},\"query-input\":\"required name=search_term_string\"}],\"inLanguage\":\"es\"},{\"@type\":\"Organization\",\"@id\":\"https:\/\/madrid.ufm.edu\/masters\/#organization\",\"name\":\"Escuela de Negocios\",\"url\":\"https:\/\/madrid.ufm.edu\/masters\/\",\"sameAs\":[],\"logo\":{\"@type\":\"ImageObject\",\"inLanguage\":\"es\",\"@id\":\"https:\/\/madrid.ufm.edu\/masters\/#\/schema\/logo\/image\/\",\"url\":\"https:\/\/madrid.ufm.edu\/masters\/wp-content\/uploads\/2022\/01\/escuela-de-negocios.png\",\"contentUrl\":\"https:\/\/madrid.ufm.edu\/masters\/wp-content\/uploads\/2022\/01\/escuela-de-negocios.png\",\"width\":478,\"height\":97,\"caption\":\"Escuela de Negocios\"},\"image\":{\"@id\":\"https:\/\/madrid.ufm.edu\/masters\/#\/schema\/logo\/image\/\"}}]}<\/script>\n<!-- \/ Yoast SEO plugin. -->","yoast_head_json":{"title":"Tulane University - Masters","robots":{"index":"index","follow":"follow","max-snippet":"max-snippet:-1","max-image-preview":"max-image-preview:large","max-video-preview":"max-video-preview:-1"},"canonical":"https:\/\/madrid.ufm.edu\/masters\/master-in-management\/tulane\/","og_locale":"es_ES","og_type":"article","og_title":"Tulane University - Masters","og_description":"La Escuela de Negocios tiene una alianza estrat\u00e9gica con la A. B. Freeman School of Business, de Tulane University, conocida por su \u00e9nfasis en el esp\u00edritu emprendedor, y por preparar l\u00edderes de negocios con conocimientos globales. A. B. Freeman School of Business, de Tulane University, fue fundada en 1914. Sus programas est\u00e1n dise\u00f1ados para proporcionar&hellip;","og_url":"https:\/\/madrid.ufm.edu\/masters\/master-in-management\/tulane\/","og_site_name":"Masters","article_modified_time":"2024-01-24T17:00:16+00:00","og_image":[{"url":"https:\/\/madrid.ufm.edu\/masters\/wp-content\/uploads\/2022\/03\/Tulane.png"}],"twitter_card":"summary_large_image","twitter_misc":{"Tiempo de lectura":"1 minuto"},"schema":{"@context":"https:\/\/schema.org","@graph":[{"@type":"WebPage","@id":"https:\/\/madrid.ufm.edu\/masters\/master-in-management\/tulane\/","url":"https:\/\/madrid.ufm.edu\/masters\/master-in-management\/tulane\/","name":"Tulane University - Masters","isPartOf":{"@id":"https:\/\/madrid.ufm.edu\/masters\/#website"},"datePublished":"2022-03-02T18:01:31+00:00","dateModified":"2024-01-24T17:00:16+00:00","breadcrumb":{"@id":"https:\/\/madrid.ufm.edu\/masters\/master-in-management\/tulane\/#breadcrumb"},"inLanguage":"es","potentialAction":[{"@type":"ReadAction","target":["https:\/\/madrid.ufm.edu\/masters\/master-in-management\/tulane\/"]}]},{"@type":"BreadcrumbList","@id":"https:\/\/madrid.ufm.edu\/masters\/master-in-management\/tulane\/#breadcrumb","itemListElement":[{"@type":"ListItem","position":1,"name":"Portada","item":"https:\/\/madrid.ufm.edu\/masters\/"},{"@type":"ListItem","position":2,"name":"Master in Management","item":"https:\/\/madrid.ufm.edu\/masters\/master-in-management\/"},{"@type":"ListItem","position":3,"name":"Tulane University"}]},{"@type":"WebSite","@id":"https:\/\/madrid.ufm.edu\/masters\/#website","url":"https:\/\/madrid.ufm.edu\/masters\/","name":"Masters","description":"Universidad Francisco Marroqu\u00edn","publisher":{"@id":"https:\/\/madrid.ufm.edu\/masters\/#organization"},"potentialAction":[{"@type":"SearchAction","target":{"@type":"EntryPoint","urlTemplate":"https:\/\/madrid.ufm.edu\/masters\/?s={search_term_string}"},"query-input":"required name=search_term_string"}],"inLanguage":"es"},{"@type":"Organization","@id":"https:\/\/madrid.ufm.edu\/masters\/#organization","name":"Escuela de Negocios","url":"https:\/\/madrid.ufm.edu\/masters\/","sameAs":[],"logo":{"@type":"ImageObject","inLanguage":"es","@id":"https:\/\/madrid.ufm.edu\/masters\/#\/schema\/logo\/image\/","url":"https:\/\/madrid.ufm.edu\/masters\/wp-content\/uploads\/2022\/01\/escuela-de-negocios.png","contentUrl":"https:\/\/madrid.ufm.edu\/masters\/wp-content\/uploads\/2022\/01\/escuela-de-negocios.png","width":478,"height":97,"caption":"Escuela de Negocios"},"image":{"@id":"https:\/\/madrid.ufm.edu\/masters\/#\/schema\/logo\/image\/"}}]}},"meta_box":{"booklet":[]},"_links":{"self":[{"href":"https:\/\/madrid.ufm.edu\/masters\/wp-json\/wp\/v2\/pages\/532","targetHints":{"allow":["GET"]}}],"collection":[{"href":"https:\/\/madrid.ufm.edu\/masters\/wp-json\/wp\/v2\/pages"}],"about":[{"href":"https:\/\/madrid.ufm.edu\/masters\/wp-json\/wp\/v2\/types\/page"}],"author":[{"embeddable":true,"href":"https:\/\/madrid.ufm.edu\/masters\/wp-json\/wp\/v2\/users\/1"}],"replies":[{"embeddable":true,"href":"https:\/\/madrid.ufm.edu\/masters\/wp-json\/wp\/v2\/comments?post=532"}],"version-history":[{"count":59,"href":"https:\/\/madrid.ufm.edu\/masters\/wp-json\/wp\/v2\/pages\/532\/revisions"}],"predecessor-version":[{"id":15981,"href":"https:\/\/madrid.ufm.edu\/masters\/wp-json\/wp\/v2\/pages\/532\/revisions\/15981"}],"up":[{"embeddable":true,"href":"https:\/\/madrid.ufm.edu\/masters\/wp-json\/wp\/v2\/pages\/458"}],"wp:attachment":[{"href":"https:\/\/madrid.ufm.edu\/masters\/wp-json\/wp\/v2\/media?parent=532"}],"curies":[{"name":"wp","href":"https:\/\/api.w.org\/{rel}","templated":true}]}}