{"id":1146,"date":"2022-04-21T18:24:59","date_gmt":"2022-04-22T00:24:59","guid":{"rendered":"https:\/\/madrid.ufm.edu\/masters\/?page_id=1146"},"modified":"2024-06-27T02:48:48","modified_gmt":"2024-06-27T08:48:48","slug":"financial-skills","status":"publish","type":"page","link":"https:\/\/madrid.ufm.edu\/masters\/master-of-finance\/financial-skills\/","title":{"rendered":"Financial Skills"},"content":{"rendered":"\n\n\t\t\t\t<img loading=\"lazy\" decoding=\"async\" src=\"https:\/\/madrid.ufm.edu\/masters\/wp-content\/uploads\/2022\/06\/FinancialSkills_white2x.png\" alt=\"FinancialSkills_white@2x\" itemprop=\"image\" height=\"120\" width=\"248\" title=\"FinancialSkills_white@2x\" onerror=\"this.style.display='none'\"  \/>\n\t<p>El plan de estudios del MFIN se complementa con el desarrollo de habilidades financieras a trav\u00e9s del programa de\u00a0Financial Skills, orientado a las \u00e1reas de m\u00e9todos cuantitativos, an\u00e1lisis contable, econ\u00f3mico y financiero, y programaci\u00f3n financiera.<\/p>\n\n\t<p>El MFIN busca mantenerse actualizado en relaci\u00f3n con las tendencias financieras del momento, por lo que el programa de Financial Skills est\u00e1 adaptado a las necesidades actuales de los profesionales en el mercado.<\/p>\n<p>Para esto, el MFIN se apoya en distintas instituciones reconocidas:<\/p>\n\t\t\t\t<img loading=\"lazy\" decoding=\"async\" src=\"https:\/\/madrid.ufm.edu\/masters\/wp-content\/uploads\/2022\/06\/1547211893_HBS-Online-2line.png\" alt=\"1547211893_HBS-Online-2line\" itemprop=\"image\" height=\"538\" width=\"2260\" title=\"1547211893_HBS-Online-2line\" onerror=\"this.style.display='none'\"  \/>\n\t\t\t\t<img loading=\"lazy\" decoding=\"async\" src=\"https:\/\/madrid.ufm.edu\/masters\/wp-content\/uploads\/2022\/06\/CFA_Institute_Logo.png\" alt=\"CFA_Institute_Logo\" itemprop=\"image\" height=\"101\" width=\"464\" title=\"CFA_Institute_Logo\" onerror=\"this.style.display='none'\"  \/>\n<h3>\n\t\tM\u00e9todos cuantitativos\n\t<\/h3>\n\t<p>En\u00a0<b>m\u00e9todos cuantitativos<\/b> el estudiante aprender\u00e1 la base cuantitativa para la toma de decisiones financieras, como manejo de riesgos, selecci\u00f3n de portafolios y comprensi\u00f3n de rendimientos.<\/p>\n<p>Financial Tool: Quantitative Methods Course<\/p>\n<h3>\n\t\tAn\u00e1lisis contable\n\t<\/h3>\n\t<p>En\u00a0<b>an\u00e1lisis contable<\/b> el estudiante desarrollar\u00e1 la base para una mayor comprensi\u00f3n de los estados financieros, su vinculaci\u00f3n con las diferentes cuentas contables y el manejo del capital de trabajo.<\/p>\n<p>Financial Tool: Financial Accounting Online Course<\/p>\n<h3>\n\t\tProgramaci\u00f3n financiera\n\t<\/h3>\n\t<p>La\u00a0<b>programaci\u00f3n financiera<\/b>\u00a0tiene como objetivo la utilizaci\u00f3n de diferentes algoritmos de programaci\u00f3n para el manejo de datos y facilitar su an\u00e1lisis.<\/p>\n<p>Financial Tool: VBA for Finance<\/p>\n<h3>\n\t\tAn\u00e1lisis econ\u00f3mico y financiero\n\t<\/h3>\n\t<p>Con\u00a0<b>an\u00e1lisis econ\u00f3mico y financiero<\/b>\u00a0el estudiante aprender\u00e1 del contexto, la capacidad de aplicaci\u00f3n a ejemplos reales y el an\u00e1lisis de las consecuencias.<\/p>\n<p>Financial Tool: Bloomberg Market Concepts<\/p>\n<h3>\n\t\tCFA Ethics Module\n\t<\/h3>\n\t<p>Finalmente, el programa busca que el alumno integre la \u00e9tica, uno de los valores m\u00e1s importantes a la hora de seleccionar a un financiero en el mercado laboral.<\/p>\n<h4>\n\t\tOtros requisitos para completar el MFIN\n\t<\/h4>\n\t\t\t\t<img loading=\"lazy\" decoding=\"async\" src=\"https:\/\/madrid.ufm.edu\/masters\/wp-content\/uploads\/2024\/06\/Lifelong-Learning-Hours-300x184-1.png\" alt=\"Lifelong-Learning-Hours-300x184\" itemprop=\"image\" height=\"184\" width=\"300\" title=\"Lifelong-Learning-Hours-300x184\" onerror=\"this.style.display='none'\"  \/>\n\t<p>M\u00e1s all\u00e1 del sal\u00f3n de clases, en la Escuela de Negocios fomentamos que los alumnos exploren diversos temas seg\u00fan su inter\u00e9s, pues entendemos que la curiosidad intelectual es un h\u00e1bito que se forja a lo largo de toda la vida. Queremos contribuir a formar individuos con un conocimiento integral y estimular a nuestros alumnos a seguir creciendo mediante todos los pasos del aprendizaje.<\/p>\n<p>La alianza entre Escuela de Negocios UFM y Coursera les da acceso a todos nuestros alumnos a un ecosistema de informaci\u00f3n y contenido creado para ayudarles a desarrollar habilidades espec\u00edficas, a lo largo de su paso por nuestros programas de maestr\u00eda.<\/p>\n\t\t\t\t<img loading=\"lazy\" decoding=\"async\" src=\"https:\/\/madrid.ufm.edu\/masters\/wp-content\/uploads\/2024\/06\/Coursera_logo-300x42.png\" alt=\"Coursera_logo\" itemprop=\"image\" height=\"42\" width=\"300\" title=\"Coursera_logo\" onerror=\"this.style.display='none'\"  \/>\n\t<p><strong>El alumno debe cumplir con un m\u00ednimo de 35 horas de aprendizaje en esta plataforma, como parte del plan de estudios del programa.<\/strong><\/p>\n\n","protected":false},"excerpt":{"rendered":"<p>El plan de estudios del MFIN se complementa con el desarrollo de habilidades financieras a trav\u00e9s del programa de\u00a0Financial Skills, orientado a las \u00e1reas de m\u00e9todos cuantitativos, an\u00e1lisis contable, econ\u00f3mico y financiero, y programaci\u00f3n financiera. El MFIN busca mantenerse actualizado en relaci\u00f3n con las tendencias financieras del momento, por lo que el programa de Financial&hellip;<\/p>\n","protected":false},"author":1,"featured_media":0,"parent":1138,"menu_order":0,"comment_status":"closed","ping_status":"closed","template":"","meta":{"footnotes":""},"class_list":["post-1146","page","type-page","status-publish","hentry"],"yoast_head":"<!-- This site is optimized with the Yoast SEO plugin v19.5.1 - https:\/\/yoast.com\/wordpress\/plugins\/seo\/ -->\n<title>Financial Skills - Masters<\/title>\n<meta name=\"robots\" content=\"index, follow, max-snippet:-1, max-image-preview:large, max-video-preview:-1\" \/>\n<link rel=\"canonical\" href=\"https:\/\/madrid.ufm.edu\/masters\/master-of-finance\/financial-skills\/\" \/>\n<meta property=\"og:locale\" content=\"es_ES\" \/>\n<meta property=\"og:type\" content=\"article\" \/>\n<meta property=\"og:title\" content=\"Financial Skills - Masters\" \/>\n<meta property=\"og:description\" content=\"El plan de estudios del MFIN se complementa con el desarrollo de habilidades financieras a trav\u00e9s del programa de\u00a0Financial Skills, orientado a las \u00e1reas de m\u00e9todos cuantitativos, an\u00e1lisis contable, econ\u00f3mico y financiero, y programaci\u00f3n financiera. El MFIN busca mantenerse actualizado en relaci\u00f3n con las tendencias financieras del momento, por lo que el programa de Financial&hellip;\" \/>\n<meta property=\"og:url\" content=\"https:\/\/madrid.ufm.edu\/masters\/master-of-finance\/financial-skills\/\" \/>\n<meta property=\"og:site_name\" content=\"Masters\" \/>\n<meta property=\"article:modified_time\" content=\"2024-06-27T08:48:48+00:00\" \/>\n<meta property=\"og:image\" content=\"https:\/\/madrid.ufm.edu\/masters\/wp-content\/uploads\/2022\/06\/FinancialSkills_white2x.png\" \/>\n<meta name=\"twitter:card\" content=\"summary_large_image\" \/>\n<meta name=\"twitter:label1\" content=\"Tiempo de lectura\" \/>\n\t<meta name=\"twitter:data1\" content=\"2 minutos\" \/>\n<script type=\"application\/ld+json\" class=\"yoast-schema-graph\">{\"@context\":\"https:\/\/schema.org\",\"@graph\":[{\"@type\":\"WebPage\",\"@id\":\"https:\/\/madrid.ufm.edu\/masters\/master-of-finance\/financial-skills\/\",\"url\":\"https:\/\/madrid.ufm.edu\/masters\/master-of-finance\/financial-skills\/\",\"name\":\"Financial Skills - Masters\",\"isPartOf\":{\"@id\":\"https:\/\/madrid.ufm.edu\/masters\/#website\"},\"datePublished\":\"2022-04-22T00:24:59+00:00\",\"dateModified\":\"2024-06-27T08:48:48+00:00\",\"breadcrumb\":{\"@id\":\"https:\/\/madrid.ufm.edu\/masters\/master-of-finance\/financial-skills\/#breadcrumb\"},\"inLanguage\":\"es\",\"potentialAction\":[{\"@type\":\"ReadAction\",\"target\":[\"https:\/\/madrid.ufm.edu\/masters\/master-of-finance\/financial-skills\/\"]}]},{\"@type\":\"BreadcrumbList\",\"@id\":\"https:\/\/madrid.ufm.edu\/masters\/master-of-finance\/financial-skills\/#breadcrumb\",\"itemListElement\":[{\"@type\":\"ListItem\",\"position\":1,\"name\":\"Portada\",\"item\":\"https:\/\/madrid.ufm.edu\/masters\/\"},{\"@type\":\"ListItem\",\"position\":2,\"name\":\"Master of Finance\",\"item\":\"https:\/\/madrid.ufm.edu\/masters\/master-of-finance\/\"},{\"@type\":\"ListItem\",\"position\":3,\"name\":\"Financial Skills\"}]},{\"@type\":\"WebSite\",\"@id\":\"https:\/\/madrid.ufm.edu\/masters\/#website\",\"url\":\"https:\/\/madrid.ufm.edu\/masters\/\",\"name\":\"Masters\",\"description\":\"Universidad Francisco Marroqu\u00edn\",\"publisher\":{\"@id\":\"https:\/\/madrid.ufm.edu\/masters\/#organization\"},\"potentialAction\":[{\"@type\":\"SearchAction\",\"target\":{\"@type\":\"EntryPoint\",\"urlTemplate\":\"https:\/\/madrid.ufm.edu\/masters\/?s={search_term_string}\"},\"query-input\":\"required name=search_term_string\"}],\"inLanguage\":\"es\"},{\"@type\":\"Organization\",\"@id\":\"https:\/\/madrid.ufm.edu\/masters\/#organization\",\"name\":\"Escuela de Negocios\",\"url\":\"https:\/\/madrid.ufm.edu\/masters\/\",\"sameAs\":[],\"logo\":{\"@type\":\"ImageObject\",\"inLanguage\":\"es\",\"@id\":\"https:\/\/madrid.ufm.edu\/masters\/#\/schema\/logo\/image\/\",\"url\":\"https:\/\/madrid.ufm.edu\/masters\/wp-content\/uploads\/2022\/01\/escuela-de-negocios.png\",\"contentUrl\":\"https:\/\/madrid.ufm.edu\/masters\/wp-content\/uploads\/2022\/01\/escuela-de-negocios.png\",\"width\":478,\"height\":97,\"caption\":\"Escuela de Negocios\"},\"image\":{\"@id\":\"https:\/\/madrid.ufm.edu\/masters\/#\/schema\/logo\/image\/\"}}]}<\/script>\n<!-- \/ Yoast SEO plugin. -->","yoast_head_json":{"title":"Financial Skills - Masters","robots":{"index":"index","follow":"follow","max-snippet":"max-snippet:-1","max-image-preview":"max-image-preview:large","max-video-preview":"max-video-preview:-1"},"canonical":"https:\/\/madrid.ufm.edu\/masters\/master-of-finance\/financial-skills\/","og_locale":"es_ES","og_type":"article","og_title":"Financial Skills - Masters","og_description":"El plan de estudios del MFIN se complementa con el desarrollo de habilidades financieras a trav\u00e9s del programa de\u00a0Financial Skills, orientado a las \u00e1reas de m\u00e9todos cuantitativos, an\u00e1lisis contable, econ\u00f3mico y financiero, y programaci\u00f3n financiera. El MFIN busca mantenerse actualizado en relaci\u00f3n con las tendencias financieras del momento, por lo que el programa de Financial&hellip;","og_url":"https:\/\/madrid.ufm.edu\/masters\/master-of-finance\/financial-skills\/","og_site_name":"Masters","article_modified_time":"2024-06-27T08:48:48+00:00","og_image":[{"url":"https:\/\/madrid.ufm.edu\/masters\/wp-content\/uploads\/2022\/06\/FinancialSkills_white2x.png"}],"twitter_card":"summary_large_image","twitter_misc":{"Tiempo de lectura":"2 minutos"},"schema":{"@context":"https:\/\/schema.org","@graph":[{"@type":"WebPage","@id":"https:\/\/madrid.ufm.edu\/masters\/master-of-finance\/financial-skills\/","url":"https:\/\/madrid.ufm.edu\/masters\/master-of-finance\/financial-skills\/","name":"Financial Skills - Masters","isPartOf":{"@id":"https:\/\/madrid.ufm.edu\/masters\/#website"},"datePublished":"2022-04-22T00:24:59+00:00","dateModified":"2024-06-27T08:48:48+00:00","breadcrumb":{"@id":"https:\/\/madrid.ufm.edu\/masters\/master-of-finance\/financial-skills\/#breadcrumb"},"inLanguage":"es","potentialAction":[{"@type":"ReadAction","target":["https:\/\/madrid.ufm.edu\/masters\/master-of-finance\/financial-skills\/"]}]},{"@type":"BreadcrumbList","@id":"https:\/\/madrid.ufm.edu\/masters\/master-of-finance\/financial-skills\/#breadcrumb","itemListElement":[{"@type":"ListItem","position":1,"name":"Portada","item":"https:\/\/madrid.ufm.edu\/masters\/"},{"@type":"ListItem","position":2,"name":"Master of Finance","item":"https:\/\/madrid.ufm.edu\/masters\/master-of-finance\/"},{"@type":"ListItem","position":3,"name":"Financial Skills"}]},{"@type":"WebSite","@id":"https:\/\/madrid.ufm.edu\/masters\/#website","url":"https:\/\/madrid.ufm.edu\/masters\/","name":"Masters","description":"Universidad Francisco Marroqu\u00edn","publisher":{"@id":"https:\/\/madrid.ufm.edu\/masters\/#organization"},"potentialAction":[{"@type":"SearchAction","target":{"@type":"EntryPoint","urlTemplate":"https:\/\/madrid.ufm.edu\/masters\/?s={search_term_string}"},"query-input":"required name=search_term_string"}],"inLanguage":"es"},{"@type":"Organization","@id":"https:\/\/madrid.ufm.edu\/masters\/#organization","name":"Escuela de Negocios","url":"https:\/\/madrid.ufm.edu\/masters\/","sameAs":[],"logo":{"@type":"ImageObject","inLanguage":"es","@id":"https:\/\/madrid.ufm.edu\/masters\/#\/schema\/logo\/image\/","url":"https:\/\/madrid.ufm.edu\/masters\/wp-content\/uploads\/2022\/01\/escuela-de-negocios.png","contentUrl":"https:\/\/madrid.ufm.edu\/masters\/wp-content\/uploads\/2022\/01\/escuela-de-negocios.png","width":478,"height":97,"caption":"Escuela de Negocios"},"image":{"@id":"https:\/\/madrid.ufm.edu\/masters\/#\/schema\/logo\/image\/"}}]}},"meta_box":{"booklet":[]},"_links":{"self":[{"href":"https:\/\/madrid.ufm.edu\/masters\/wp-json\/wp\/v2\/pages\/1146","targetHints":{"allow":["GET"]}}],"collection":[{"href":"https:\/\/madrid.ufm.edu\/masters\/wp-json\/wp\/v2\/pages"}],"about":[{"href":"https:\/\/madrid.ufm.edu\/masters\/wp-json\/wp\/v2\/types\/page"}],"author":[{"embeddable":true,"href":"https:\/\/madrid.ufm.edu\/masters\/wp-json\/wp\/v2\/users\/1"}],"replies":[{"embeddable":true,"href":"https:\/\/madrid.ufm.edu\/masters\/wp-json\/wp\/v2\/comments?post=1146"}],"version-history":[{"count":18,"href":"https:\/\/madrid.ufm.edu\/masters\/wp-json\/wp\/v2\/pages\/1146\/revisions"}],"predecessor-version":[{"id":17038,"href":"https:\/\/madrid.ufm.edu\/masters\/wp-json\/wp\/v2\/pages\/1146\/revisions\/17038"}],"up":[{"embeddable":true,"href":"https:\/\/madrid.ufm.edu\/masters\/wp-json\/wp\/v2\/pages\/1138"}],"wp:attachment":[{"href":"https:\/\/madrid.ufm.edu\/masters\/wp-json\/wp\/v2\/media?parent=1146"}],"curies":[{"name":"wp","href":"https:\/\/api.w.org\/{rel}","templated":true}]}}