{"id":1142,"date":"2022-04-21T18:22:36","date_gmt":"2022-04-22T00:22:36","guid":{"rendered":"https:\/\/madrid.ufm.edu\/masters\/?page_id=1142"},"modified":"2023-10-05T03:44:06","modified_gmt":"2023-10-05T09:44:06","slug":"plan-de-estudios","status":"publish","type":"page","link":"https:\/\/madrid.ufm.edu\/masters\/master-of-finance\/plan-de-estudios\/","title":{"rendered":"Plan de estudios"},"content":{"rendered":"\n<h2>\n\t\tPlan de estudios MFIN\n\t<\/h2>\n\t\t<h5>Cursos Tulane University<\/h5>\t\t\n\t\t\t<a href=\"https:\/\/madrid.ufm.edu\/masters\/curso\/options\/\">Options<\/a><br \/>\n<a href=\"https:\/\/madrid.ufm.edu\/masters\/curso\/entrepreneurial-finance\/\">Entrepreneurial Finance<\/a><br \/>\n<a href=\"https:\/\/madrid.ufm.edu\/masters\/curso\/international-finance\/\">International Finance<\/a><br \/>\n<a href=\"https:\/\/madrid.ufm.edu\/masters\/curso\/investments\/\">Investments<\/a> (se imparte en el campus de Tulane University, en Nueva Orleans)<br \/>\n<a href=\"https:\/\/madrid.ufm.edu\/masters\/curso\/leadership\/\">Leadership<\/a><br \/>\n<a href=\"https:\/\/madrid.ufm.edu\/masters\/curso\/valuation\/\">Valuation<\/a>\n\t\t<h5>Cursos UFM<\/h5>\t\t\n\t\t\t<a href=\"https:\/\/madrid.ufm.edu\/masters\/curso\/contabilidad-financiera\/\">Contabilidad Financiera<\/a><br \/>\n<a href=\"https:\/\/madrid.ufm.edu\/masters\/curso\/finanzas-corporativas\/\">Finanzas Corporativas<\/a><br \/>\n<a href=\"https:\/\/madrid.ufm.edu\/masters\/curso\/evaluacion-de-proyectos-mfin\/\">Evaluaci\u00f3n de Proyectos<\/a><br \/>\n<a href=\"https:\/\/madrid.ufm.edu\/masters\/curso\/portfolio-management\/\">Portfolio Management<\/a><br \/>\n<a href=\"https:\/\/madrid.ufm.edu\/masters\/curso\/financial-econometrics\/\">Econometr\u00eda Financiera<\/a><br \/>\n<a href=\"https:\/\/madrid.ufm.edu\/masters\/curso\/predicciones-y-escenarios\/\">Predicciones y Escenarios<\/a><br \/>\n<a href=\"https:\/\/madrid.ufm.edu\/masters\/curso\/financial-modeling\/\">Financial Modeling<\/a><br \/>\n<a href=\"https:\/\/madrid.ufm.edu\/masters\/curso\/economia1\/\">Econom\u00eda 1<\/a><br \/>\n<a href=\"https:\/\/madrid.ufm.edu\/masters\/curso\/economia2\/\">Econom\u00eda 2<\/a><br \/>\n<a href=\"https:\/\/madrid.ufm.edu\/masters\/curso\/law-economics\/\">Law and Economics<\/a>\n\t<ul>\n<li>Para hacerse acreedor al t\u00edtulo de MFIN es requisito aprobar todos los cursos de Tulane con un promedio igual o mayor a B, y siete cursos de la UFM con una nota mayor o igual a 80 puntos, estos cursos son: Econom\u00eda I, Contabilidad Financiera, Portfolio Management, Predicciones y Escenarios, Finanzas Corporativas, Econometr\u00eda Financiera y Financial Modeling.<br \/>\n<\/li>\n<li>Los cursos y el orden de los mismos est\u00e1n sujetos a cambios.<\/li>\n<\/ul>\n\t\t<h4>\t\n\tProyecto de graduaci\u00f3n<\/h4>\t\t\n\t\t\t<p>El alumno escoge entre desarrollar un Financial Research Challenge o presentarse al examen CFA\u00ae Level I, como proyecto de graduaci\u00f3n.<\/p>\n\t\t<h5>Financial Research Challenge<\/h5>\t\t\n\t\t\t<p>El Financial Research Challenge combina el conocimiento adquirido por el estudiante, durante la maestr\u00eda, incluyendo sus <em>financial skills<\/em>, poni\u00e9ndolo en pr\u00e1ctica en un ejercicio de evaluaci\u00f3n de una empresa.<\/p>\n<p>Para ello, el estudiante tendr\u00e1 sesiones de trabajo con su equipo y el catedr\u00e1tico, para resolver dudas, comentar avances y desarrollar estrategias para la evaluaci\u00f3n. Al terminar el Financial Research Challenge el estudiante tendr\u00e1 conocimiento pr\u00e1ctico sobre el desarrollo, manejo y presentaci\u00f3n de una evaluaci\u00f3n financiera.<\/p>\n\t\t<h5>CFA Level I<\/h5>\t\t\n\t\t\t<p>El programa MFIN de Escuela de Negocios UFM es reconocido por el\u00a0<a href=\"https:\/\/www.cfainstitute.org\/community\/university\/Pages\/cfa_program_affiliated_universities.aspx\">CFA\u00ae Institute<\/a>\u00a0de Estados Unidos como un programa que prepara a los estudiantes con una s\u00f3lida formaci\u00f3n en su CBOK\u00ae (Candidate Body of Knowledge).<\/p>\n<p>El CFA tiene tres niveles de examen (Level I, Level II y Level III, separados un a\u00f1o como m\u00ednimo) y como parte de la relaci\u00f3n que se tiene con el CFA\u00ae Institute, el alumno puede realizar el CFA Level I como requisito de graduaci\u00f3n (deben tener claro el alcance del programa de estudio y el compromiso de tiempo (se estiman 250-275 horas de estudio por cada nivel de examen).<\/p>\n\t\t\t\t<img loading=\"lazy\" decoding=\"async\" src=\"https:\/\/madrid.ufm.edu\/masters\/wp-content\/uploads\/2022\/08\/CFA_UAP-Logo_RGB-1-300x34.png\" alt=\"CFA University affiliation program\" itemprop=\"image\" height=\"34\" width=\"300\" title=\"CFA University affiliation program\" onerror=\"this.style.display='none'\"  \/>\n\t\t\t<a href=\"https:\/\/madrid.ufm.edu\/profesores\/\" target=\"_blank\" role=\"button\" rel=\"noopener\">\n\t\t\t\t\t\t\tVer claustro de profesores\n\t\t\t\t\t<\/a>\n\t<p>*La Universidad Francisco Marroqu\u00edn se reserva el derecho de hacer cambios, sin previo aviso.<\/p>\n\n","protected":false},"excerpt":{"rendered":"<p>Plan de estudios MFIN Cursos Tulane University Options Entrepreneurial Finance International Finance Investments (se imparte en el campus de Tulane University, en Nueva Orleans) Leadership Valuation Cursos UFM Contabilidad Financiera Finanzas Corporativas Evaluaci\u00f3n de Proyectos Portfolio Management Econometr\u00eda Financiera Predicciones y Escenarios Financial Modeling Econom\u00eda 1 Econom\u00eda 2 Law and Economics Para hacerse acreedor al&hellip;<\/p>\n","protected":false},"author":1,"featured_media":0,"parent":1138,"menu_order":0,"comment_status":"closed","ping_status":"closed","template":"","meta":{"footnotes":""},"class_list":["post-1142","page","type-page","status-publish","hentry"],"yoast_head":"<!-- This site is optimized with the Yoast SEO plugin v19.5.1 - https:\/\/yoast.com\/wordpress\/plugins\/seo\/ -->\n<title>Plan de estudios - Masters<\/title>\n<meta name=\"robots\" content=\"index, follow, max-snippet:-1, max-image-preview:large, max-video-preview:-1\" \/>\n<link rel=\"canonical\" href=\"https:\/\/madrid.ufm.edu\/masters\/master-of-finance\/plan-de-estudios\/\" \/>\n<meta property=\"og:locale\" content=\"es_ES\" \/>\n<meta property=\"og:type\" content=\"article\" \/>\n<meta property=\"og:title\" content=\"Plan de estudios - Masters\" \/>\n<meta property=\"og:description\" content=\"Plan de estudios MFIN Cursos Tulane University Options Entrepreneurial Finance International Finance Investments (se imparte en el campus de Tulane University, en Nueva Orleans) Leadership Valuation Cursos UFM Contabilidad Financiera Finanzas Corporativas Evaluaci\u00f3n de Proyectos Portfolio Management Econometr\u00eda Financiera Predicciones y Escenarios Financial Modeling Econom\u00eda 1 Econom\u00eda 2 Law and Economics Para hacerse acreedor al&hellip;\" \/>\n<meta property=\"og:url\" content=\"https:\/\/madrid.ufm.edu\/masters\/master-of-finance\/plan-de-estudios\/\" \/>\n<meta property=\"og:site_name\" content=\"Masters\" \/>\n<meta property=\"article:modified_time\" content=\"2023-10-05T09:44:06+00:00\" \/>\n<meta property=\"og:image\" content=\"https:\/\/madrid.ufm.edu\/masters\/wp-content\/uploads\/2022\/08\/CFA_UAP-Logo_RGB-1-300x34.png\" \/>\n<meta name=\"twitter:card\" content=\"summary_large_image\" \/>\n<meta name=\"twitter:label1\" content=\"Tiempo de lectura\" \/>\n\t<meta name=\"twitter:data1\" content=\"2 minutos\" \/>\n<script type=\"application\/ld+json\" class=\"yoast-schema-graph\">{\"@context\":\"https:\/\/schema.org\",\"@graph\":[{\"@type\":\"WebPage\",\"@id\":\"https:\/\/madrid.ufm.edu\/masters\/master-of-finance\/plan-de-estudios\/\",\"url\":\"https:\/\/madrid.ufm.edu\/masters\/master-of-finance\/plan-de-estudios\/\",\"name\":\"Plan de estudios - Masters\",\"isPartOf\":{\"@id\":\"https:\/\/madrid.ufm.edu\/masters\/#website\"},\"datePublished\":\"2022-04-22T00:22:36+00:00\",\"dateModified\":\"2023-10-05T09:44:06+00:00\",\"breadcrumb\":{\"@id\":\"https:\/\/madrid.ufm.edu\/masters\/master-of-finance\/plan-de-estudios\/#breadcrumb\"},\"inLanguage\":\"es\",\"potentialAction\":[{\"@type\":\"ReadAction\",\"target\":[\"https:\/\/madrid.ufm.edu\/masters\/master-of-finance\/plan-de-estudios\/\"]}]},{\"@type\":\"BreadcrumbList\",\"@id\":\"https:\/\/madrid.ufm.edu\/masters\/master-of-finance\/plan-de-estudios\/#breadcrumb\",\"itemListElement\":[{\"@type\":\"ListItem\",\"position\":1,\"name\":\"Portada\",\"item\":\"https:\/\/madrid.ufm.edu\/masters\/\"},{\"@type\":\"ListItem\",\"position\":2,\"name\":\"Master of Finance\",\"item\":\"https:\/\/madrid.ufm.edu\/masters\/master-of-finance\/\"},{\"@type\":\"ListItem\",\"position\":3,\"name\":\"Plan de estudios\"}]},{\"@type\":\"WebSite\",\"@id\":\"https:\/\/madrid.ufm.edu\/masters\/#website\",\"url\":\"https:\/\/madrid.ufm.edu\/masters\/\",\"name\":\"Masters\",\"description\":\"Universidad Francisco Marroqu\u00edn\",\"publisher\":{\"@id\":\"https:\/\/madrid.ufm.edu\/masters\/#organization\"},\"potentialAction\":[{\"@type\":\"SearchAction\",\"target\":{\"@type\":\"EntryPoint\",\"urlTemplate\":\"https:\/\/madrid.ufm.edu\/masters\/?s={search_term_string}\"},\"query-input\":\"required name=search_term_string\"}],\"inLanguage\":\"es\"},{\"@type\":\"Organization\",\"@id\":\"https:\/\/madrid.ufm.edu\/masters\/#organization\",\"name\":\"Escuela de Negocios\",\"url\":\"https:\/\/madrid.ufm.edu\/masters\/\",\"sameAs\":[],\"logo\":{\"@type\":\"ImageObject\",\"inLanguage\":\"es\",\"@id\":\"https:\/\/madrid.ufm.edu\/masters\/#\/schema\/logo\/image\/\",\"url\":\"https:\/\/madrid.ufm.edu\/masters\/wp-content\/uploads\/2022\/01\/escuela-de-negocios.png\",\"contentUrl\":\"https:\/\/madrid.ufm.edu\/masters\/wp-content\/uploads\/2022\/01\/escuela-de-negocios.png\",\"width\":478,\"height\":97,\"caption\":\"Escuela de Negocios\"},\"image\":{\"@id\":\"https:\/\/madrid.ufm.edu\/masters\/#\/schema\/logo\/image\/\"}}]}<\/script>\n<!-- \/ Yoast SEO plugin. -->","yoast_head_json":{"title":"Plan de estudios - Masters","robots":{"index":"index","follow":"follow","max-snippet":"max-snippet:-1","max-image-preview":"max-image-preview:large","max-video-preview":"max-video-preview:-1"},"canonical":"https:\/\/madrid.ufm.edu\/masters\/master-of-finance\/plan-de-estudios\/","og_locale":"es_ES","og_type":"article","og_title":"Plan de estudios - Masters","og_description":"Plan de estudios MFIN Cursos Tulane University Options Entrepreneurial Finance International Finance Investments (se imparte en el campus de Tulane University, en Nueva Orleans) Leadership Valuation Cursos UFM Contabilidad Financiera Finanzas Corporativas Evaluaci\u00f3n de Proyectos Portfolio Management Econometr\u00eda Financiera Predicciones y Escenarios Financial Modeling Econom\u00eda 1 Econom\u00eda 2 Law and Economics Para hacerse acreedor al&hellip;","og_url":"https:\/\/madrid.ufm.edu\/masters\/master-of-finance\/plan-de-estudios\/","og_site_name":"Masters","article_modified_time":"2023-10-05T09:44:06+00:00","og_image":[{"url":"https:\/\/madrid.ufm.edu\/masters\/wp-content\/uploads\/2022\/08\/CFA_UAP-Logo_RGB-1-300x34.png"}],"twitter_card":"summary_large_image","twitter_misc":{"Tiempo de lectura":"2 minutos"},"schema":{"@context":"https:\/\/schema.org","@graph":[{"@type":"WebPage","@id":"https:\/\/madrid.ufm.edu\/masters\/master-of-finance\/plan-de-estudios\/","url":"https:\/\/madrid.ufm.edu\/masters\/master-of-finance\/plan-de-estudios\/","name":"Plan de estudios - Masters","isPartOf":{"@id":"https:\/\/madrid.ufm.edu\/masters\/#website"},"datePublished":"2022-04-22T00:22:36+00:00","dateModified":"2023-10-05T09:44:06+00:00","breadcrumb":{"@id":"https:\/\/madrid.ufm.edu\/masters\/master-of-finance\/plan-de-estudios\/#breadcrumb"},"inLanguage":"es","potentialAction":[{"@type":"ReadAction","target":["https:\/\/madrid.ufm.edu\/masters\/master-of-finance\/plan-de-estudios\/"]}]},{"@type":"BreadcrumbList","@id":"https:\/\/madrid.ufm.edu\/masters\/master-of-finance\/plan-de-estudios\/#breadcrumb","itemListElement":[{"@type":"ListItem","position":1,"name":"Portada","item":"https:\/\/madrid.ufm.edu\/masters\/"},{"@type":"ListItem","position":2,"name":"Master of Finance","item":"https:\/\/madrid.ufm.edu\/masters\/master-of-finance\/"},{"@type":"ListItem","position":3,"name":"Plan de estudios"}]},{"@type":"WebSite","@id":"https:\/\/madrid.ufm.edu\/masters\/#website","url":"https:\/\/madrid.ufm.edu\/masters\/","name":"Masters","description":"Universidad Francisco Marroqu\u00edn","publisher":{"@id":"https:\/\/madrid.ufm.edu\/masters\/#organization"},"potentialAction":[{"@type":"SearchAction","target":{"@type":"EntryPoint","urlTemplate":"https:\/\/madrid.ufm.edu\/masters\/?s={search_term_string}"},"query-input":"required name=search_term_string"}],"inLanguage":"es"},{"@type":"Organization","@id":"https:\/\/madrid.ufm.edu\/masters\/#organization","name":"Escuela de Negocios","url":"https:\/\/madrid.ufm.edu\/masters\/","sameAs":[],"logo":{"@type":"ImageObject","inLanguage":"es","@id":"https:\/\/madrid.ufm.edu\/masters\/#\/schema\/logo\/image\/","url":"https:\/\/madrid.ufm.edu\/masters\/wp-content\/uploads\/2022\/01\/escuela-de-negocios.png","contentUrl":"https:\/\/madrid.ufm.edu\/masters\/wp-content\/uploads\/2022\/01\/escuela-de-negocios.png","width":478,"height":97,"caption":"Escuela de Negocios"},"image":{"@id":"https:\/\/madrid.ufm.edu\/masters\/#\/schema\/logo\/image\/"}}]}},"meta_box":{"booklet":[]},"_links":{"self":[{"href":"https:\/\/madrid.ufm.edu\/masters\/wp-json\/wp\/v2\/pages\/1142","targetHints":{"allow":["GET"]}}],"collection":[{"href":"https:\/\/madrid.ufm.edu\/masters\/wp-json\/wp\/v2\/pages"}],"about":[{"href":"https:\/\/madrid.ufm.edu\/masters\/wp-json\/wp\/v2\/types\/page"}],"author":[{"embeddable":true,"href":"https:\/\/madrid.ufm.edu\/masters\/wp-json\/wp\/v2\/users\/1"}],"replies":[{"embeddable":true,"href":"https:\/\/madrid.ufm.edu\/masters\/wp-json\/wp\/v2\/comments?post=1142"}],"version-history":[{"count":21,"href":"https:\/\/madrid.ufm.edu\/masters\/wp-json\/wp\/v2\/pages\/1142\/revisions"}],"predecessor-version":[{"id":15499,"href":"https:\/\/madrid.ufm.edu\/masters\/wp-json\/wp\/v2\/pages\/1142\/revisions\/15499"}],"up":[{"embeddable":true,"href":"https:\/\/madrid.ufm.edu\/masters\/wp-json\/wp\/v2\/pages\/1138"}],"wp:attachment":[{"href":"https:\/\/madrid.ufm.edu\/masters\/wp-json\/wp\/v2\/media?parent=1142"}],"curies":[{"name":"wp","href":"https:\/\/api.w.org\/{rel}","templated":true}]}}